j + 8 + 12, -2*j = 10. Suppose d = 6*a + a - h. Is a composite?
True
Is 19530 - 19/(38/(-34)) prime?
False
Let a(h) = 364*h**2 + 13*h - 10. Let k be a(4). Suppose -5*z + 2*d = -12481, 3*z - k = -3*d + 1631. Is z a composite number?
True
Let d(p) = -2*p. Let m(s) = 5144*s - 21. Let j(c) = -3*d(c) + m(c). Is j(7) a prime number?
False
Let z(j) be the second derivative of -563*j**3/2 - 2*j**2 - j - 13. Suppose -2*o = 2*a - 6, 0*o + 2*o - 3*a + 14 = 0. Is z(o) composite?
True
Let f = 495634 + -236891. Is f a prime number?
True
Let n(k) = -9*k + 297. Let i be n(34). Is i + 1257 + -4*(-4)/16 composite?
False
Let d(j) = -6943*j - 87. Suppose 150*t = 146*t - 2*b, b = -5*t - 6. Is d(t) a prime number?
True
Let f = -197 - -212. Is f/24*8 + (-1 - -1407) prime?
False
Let r = -377603 + 697330. Is r a prime number?
True
Suppose 215*g + 5945631 - 34959236 = 0. Is g a prime number?
True
Let i = 23194 + 605. Is i prime?
False
Let m be 55/22 - 19/2. Is 2 - (-1091 + -1 - m) a prime number?
True
Let o(p) = 2*p + 531. Let q be o(4). Let g = -108 + -226. Let l = q + g. Is l a prime number?
False
Let r be ((-106176)/(-160))/(2/5). Let t = r + 1360. Is t composite?
False
Is (1 - 10/15)*(979489 + (-3 - -5)) a prime number?
True
Suppose -6 = a + 3*x, 5*x = 3*a - 3 - 7. Suppose 11*q - 13*q + 7618 = a. Is q composite?
True
Let q(v) = -1935*v**3 + 6*v**2 - 5*v + 13. Let l(o) = 1936*o**3 - 6*o**2 + 4*o - 11. Let b(p) = -6*l(p) - 5*q(p). Is b(-2) prime?
True
Let a = -1823 - -9444. Is a a prime number?
True
Suppose -2*b - 4*y + 5*y - 3 = 0, -5*y + 28 = 3*b. Let x(d) = 108*d**2 - d + 3. Let s be x(b). Let t = 23 + s. Is t prime?
False
Let d be ((-2)/7 - (-2944)/112) + -2. Is (-2)/((-6)/5) - (-163496)/d composite?
True
Suppose -4*j + 92184 = -2*r, j - 2*r - 18143 = 4900. Is j a prime number?
False
Let k = 5446 + -1385. Is k a prime number?
False
Is (1110842 - 13 - -2) + 20/2 + -2 a composite number?
False
Suppose 4*j - 31*j + 97902 = 0. Suppose 18644 + j = 10*c. Is c a prime number?
False
Let t(w) = -w**3 + 14*w**2 - 13*w + 5. Let x be t(13). Let k(l) = -4*l + 19. Let q be k(x). Is 87 + q*(2 - 4) composite?
False
Suppose 476 = 103*i - 96*i. Suppose 0 = i*n - 74*n + 11694. Is n a prime number?
True
Let r be 0*(0/(-2) + -1). Suppose r = -i - 4*x + 553, 0*i + x - 544 = -i. Is i a composite number?
False
Suppose 5*m = -3*r - 2*r + 203325, 0 = -3*r + 12. Is m prime?
False
Suppose -3*k = 15*q - 13*q - 100, 0 = -5*q + 25. Suppose -2*p + 8814 = -2*j, -3*p + 13207 = -k*j + 34*j. Is p composite?
True
Let n be -4 - ((-15)/3 + 1). Suppose -2*r - 71 + 59 = n. Let p(g) = -23*g - 11. Is p(r) a composite number?
False
Let a(t) = -3*t + 4202. Let l be a(0). Suppose w - l + 1183 = 0. Is w composite?
False
Let a(t) = 7*t - 53. Let w be a(8). Suppose -2*v + w*z - 7*z + 7338 = 0, 11042 = 3*v - z. Is v a composite number?
True
Suppose -5*v = -3*n - 529, 2*n = -9 + 3. Suppose -6*z - v = -10*z. Is z*83 + (-75)/25 prime?
False
Let j be (-166)/(4*6/(-48)). Suppose 0 = -r + 1575 - j. Is r a prime number?
False
Suppose 6 = 3*i, 2*f - 3*i + 36 = 7*f. Let z be 5 + (-1 - (-4 + f)). Suppose z*o - 1570 = 3*m, 0*m + 16 = 4*m. Is o a composite number?
True
Let j be 24201 + 0 - (-99)/33. Suppose 0 = 16*l - 28*l + j. Is l composite?
False
Suppose 0*o + o = -2*d - 127, 490 = -4*o - 2*d. Let n = -50 - o. Let i = -68 + n. Is i composite?
False
Suppose -8*y = -13*y + 40. Let m(g) = -22 - 23 + 16 + 6*g. Is m(y) a prime number?
True
Suppose -7 = -8*d + 17. Is ((-189)/(-126))/(d/7978) a composite number?
False
Let b be 6/3 + 0/(-6). Is b/6*(45389 + 4) prime?
True
Let k = -739 - -388. Let g be (k/(-4))/(1/(-4)). Let u = 574 + g. Is u a composite number?
False
Suppose z = 4*y + 4 - 22, -5*z = y + 132. Let v(s) = -30 - 18*s - 12 + 36 - 55. Is v(z) a composite number?
True
Let u = 529 + -524. Suppose u*x + 11317 = 5*y - 15868, -2*y + 10868 = x. Is y a prime number?
False
Let v(q) = 2*q**2 + 20*q - 2. Let f be v(-10). Is f/((-12)/18) - (-11386 + 0) a composite number?
True
Let o(n) = 93994*n - 11539. Is o(5) composite?
True
Is (45726/8)/((-15)/(-20)) composite?
False
Let u(d) be the first derivative of d**4 - 32*d**3/3 + 7*d**2 + 31*d - 286. Is u(15) prime?
False
Let a(f) be the first derivative of -13*f**2/2 + f - 11. Let m be a(1). Let g = 25 - m. Is g prime?
True
Suppose 5*k + 287 = 2*o, 82 = -5*k - 5*o - 198. Is (-5524*5/30)/(2/k) composite?
True
Let d be (-13 - -12)*(-18 - -1). Suppose -2*u = z - 2431, -z + 2428 = d*u - 14*u. Is z a composite number?
False
Let d(b) = 156*b**2 + 3*b. Let c be d(2). Suppose 7*h - c = 5*h. Suppose h = t - 3*f - f, -4*t + f = -1230. Is t a prime number?
True
Let p be ((-15)/4)/(-15) + (-2013)/(-12). Suppose p*l - 176*l = -55976. Is l a prime number?
True
Suppose 24*v - 587025 = 84375. Let f = -15832 + v. Is f a composite number?
False
Suppose 2*j - 4 = 26. Suppose -j = -k - 2*k - 3*f, 3*k - 3*f + 15 = 0. Suppose 4*h - h + 628 = y, k = -2*h + 2. Is y a composite number?
False
Is (26/(-26 + 0))/((-1)/797933) composite?
False
Let i(p) = 2295*p - 45. Let q be i(4). Suppose 0 = -10*x + q + 11855. Is x a composite number?
False
Suppose -2*f + 3*f - 522 = -5*z, -f - 3*z + 536 = 0. Is f composite?
False
Suppose -2841458 + 143287 = -19*t. Is t a prime number?
False
Let b = -832993 + 1210056. Is b prime?
False
Suppose -a - 3*l = -6*a + 400, 4*l + 312 = 4*a. Let o = 624 - a. Is o a composite number?
False
Suppose -5*h - 6*c = -9*c - 1249, -237 = -h + 7*c. Is h prime?
True
Let a be (-3193)/31*(1 - 254). Suppose -26623 = -14*i + a. Is i a composite number?
True
Let k = 50415 - -36748. Is k a prime number?
False
Let c(t) = -t**3 - 4*t**2 - t. Let a(y) = 6*y**3 + 30*y**2 + 13*y - 14. Let x(h) = -a(h) - 5*c(h). Is x(-15) a composite number?
False
Let u(f) = 161*f**2 + 34*f + 7. Let t be 6/8*(29 - 37). Is u(t) a composite number?
True
Let q(k) = -31*k - 23. Let f = -239 + 209. Is q(f) a composite number?
False
Let p be (-6)/15 + (-3)/(-15)*12. Let l(z) = -2*z + 2*z + 5*z - z**3 + 4*z + 16*z**p + 13. Is l(15) a prime number?
True
Suppose -2*g + 3*q + 449 = 0, -2*q + 623 + 70 = 3*g. Suppose 0 = 2*b - 0*b - 880. Let h = b - g. Is h composite?
False
Let x(u) = 212*u**2 - 47*u - 15. Let d be x(-6). Suppose -4*h = 5*t - 7293, -h + d = 5*t + 612. Is t prime?
False
Let l = 48 + -31. Suppose -106 - l = y. Let d = y - -422. Is d a prime number?
False
Let n = 898701 + -504904. Is n a prime number?
True
Let w(u) = 19*u + 1. Let r be w(1). Is (0 + 2 + (-30)/r)*39166 a composite number?
False
Let o(h) = 19976*h**2 + 2*h + 3. Is o(-2) a prime number?
True
Let w be 2/11 - 7982/(-143). Let d = w - 35. Is 2/3 - (-763)/d composite?
False
Is -12*17/(-204)*61909 a prime number?
True
Suppose 65*s - 40372 - 173657 = 404186. Is s prime?
True
Let b(o) = 5*o**2 + 160*o + 18. Let p be b(-32). Suppose 29*a = p*a + 66319. Is a a prime number?
True
Suppose -51*h + 52*h + 3 = 0. Let a be (-11 - 5)*(-3)/h. Let g(q) = -q**3 - 6*q**2 - 14*q + 31. Is g(a) a composite number?
True
Suppose -1194565 - 2004692 = -81*j. Is j composite?
True
Is (1/(-2))/((-102)/33344004) a composite number?
True
Let u(p) = 23*p**3 + 2*p**2 - 6*p + 7. Let c be ((-2)/(-8))/((-21)/24 - -1). Is u(c) composite?
True
Suppose m - g = -2280, 3*m + g + 7315 = 495. Let d be ((-4)/(-3))/(m/(-1137) + -2). Suppose 0 = 2*t - 5*r - 758, 4*t - r = -0*r + d. Is t composite?
False
Suppose -115075420 - 82315381 = -227*a. Is a composite?
False
Let c(o) = -2*o**3 - 9*o**2 + 3*o - 11. Let r be c(-5). Let h be r/4 - (-3 - (-91)/(-28)). Suppose -4*x - 3178 = -h*x. Is x prime?
False
Let f(o) = 366*o**2 + 23*o + 394. Is f(-13) prime?
True
Suppose 3*t - 618*j - 121710 = -621*j, -t + j = -40584. Is t a composite number?
False
Let x be 1 - (2 - (-4 - (-5 + -1))). Is (14/8 + x)*2876 a composite number?
True
Let u = 11075 - -17526. Is u prime?
False
Let o(m) = -13242*m - 1295. Is o(-3) a prime number?
True
Let a(n) = -12 + 10*n**2 - 11 + 12*n + 4 + 0. Let p = -1762 + 1772. Is a(p) prime?
False
Suppose 0*i + 6*i - 84 = 0. Let n = i + 2. Suppose -15*r - 2353 = -n*r. Is r prime?
False
Let b(h) = 210*h**2 - 30*h - 17. Let i be b(8). Let k = -6836 + i. Is k composite?
True
Suppose 8*w + 3*d + 102 = 3*w, -5*d + 16 = -2*w. Let m(y) = -95*y - 40. Let s be m(w). Suppose 3*g - 67 - 935 = -2*f, -5*g 